{"id":756,"date":"2020-01-22T13:53:57","date_gmt":"2020-01-22T12:53:57","guid":{"rendered":"http:\/\/www.billardcafe-pirates.de\/?page_id=756"},"modified":"2026-01-26T09:47:45","modified_gmt":"2026-01-26T08:47:45","slug":"reservierung","status":"publish","type":"page","link":"https:\/\/www.billardcafe-pirates.de\/?page_id=756","title":{"rendered":"Reservierung f\u00fcr Bowling"},"content":{"rendered":"\n<h1 class=\"wp-block-heading has-text-align-center has-vivid-green-cyan-color has-luminous-vivid-orange-to-vivid-red-gradient-background has-text-color has-background\"><em><mark style=\"background-color:rgba(0, 0, 0, 0)\" class=\"has-inline-color has-white-color\">RESERVIERUNG F\u00dcR BOWLING<\/mark><\/em><\/h1>\n\n\n\n<p><\/p>\n\n\n\n<h2 class=\"wp-block-heading has-text-align-left has-vivid-red-color has-pale-ocean-gradient-background has-text-color has-background\" style=\"font-style:normal;font-weight:800\">Eine Einheit entspricht 55 Minuten Spielzeit.<br><br><mark style=\"background-color:#cf2e2e\" class=\"has-inline-color has-white-color\">F\u00fcr mehrere Einheiten oder mehrere Bahnen (ab 11 Personen automatisch 2 Bahnen) bitte das Feld \u201eAnmerkungen\u201c im Reservierungsformular nutzen.<\/mark><br><br>Das gilt auch f\u00fcr Kinderbahnen (Bumper).<br><br>Sind keine weiteren Zeitslots verf\u00fcgbar, stehen keine freien Pl\u00e4tze zur Verf\u00fcgung.<br><br><em>Eine Reservierung ist Pflicht !<\/em><\/h2>\n\n\n\n<div id=\"wp-block-themeisle-blocks-font-awesome-icons-1cb28b23\" class=\"wp-block-themeisle-blocks-font-awesome-icons\"><span class=\"wp-block-themeisle-blocks-font-awesome-icons-container\"><i class=\"fas fa-arrow-down\"><\/i><\/span><\/div>\n\n\n\n<p class=\"has-text-align-center has-vivid-red-color has-text-color has-link-color has-medium-font-size wp-elements-27919d493ecd496521ba9942dc630054\"><label style=\"color:white;\"><br><strong><em><br> Ich habe alle oberen Informationen gelesen und stimme zu. <br><br><br><input type=\"checkbox\" id=\"confirmRead\"><\/input><\/em><\/strong><\/label><\/p>\n\n\n\n<p class=\"has-text-align-center\"><label style=\"color:white;\"><strong><em><br><\/em><\/strong><\/label><\/p>\n\n\n<div class=\"wp-block-image reserve-link wp-duotone-unset-1\">\n<figure class=\"aligncenter size-full\"><a href=\"https:\/\/book.reservino.de\/de-DE\/#\/at\/Pirates-Billardcafe-Bowling\" target=\"_blank\" rel=\"noreferrer noopener\"><img loading=\"lazy\" decoding=\"async\" width=\"263\" height=\"60\" src=\"https:\/\/www.billardcafe-pirates.de\/wp-content\/uploads\/2023\/11\/button_reservieren.png\" alt=\"\" class=\"wp-image-1343\"\/><\/a><\/figure>\n<\/div>\n\n\n<p><\/p>\n","protected":false},"excerpt":{"rendered":"<p>RESERVIERUNG F\u00dcR BOWLING Eine Einheit entspricht 55 Minuten Spielzeit. F\u00fcr mehrere Einheiten oder mehrere Bahnen (ab 11 Personen automatisch 2 Bahnen) bitte das Feld \u201eAnmerkungen\u201c im Reservierungsformular nutzen. Das gilt auch f\u00fcr Kinderbahnen (Bumper). Sind keine weiteren Zeitslots verf\u00fcgbar, stehen keine freien Pl\u00e4tze zur Verf\u00fcgung. Eine Reservierung ist Pflicht ! Ich habe alle oberen Informationen &hellip; <\/p>\n<p class=\"link-more\"><a href=\"https:\/\/www.billardcafe-pirates.de\/?page_id=756\" class=\"read-more\">Read More<span class=\"screen-reader-text\"> &#8222;Reservierung f\u00fcr Bowling&#8220;<\/span><\/a><\/p>\n","protected":false},"author":1,"featured_media":0,"parent":0,"menu_order":0,"comment_status":"closed","ping_status":"closed","template":"","meta":{"ngg_post_thumbnail":0,"_themeisle_gutenberg_block_has_review":false,"footnotes":""},"class_list":["post-756","page","type-page","status-publish","hentry"],"_links":{"self":[{"href":"https:\/\/www.billardcafe-pirates.de\/index.php?rest_route=\/wp\/v2\/pages\/756","targetHints":{"allow":["GET"]}}],"collection":[{"href":"https:\/\/www.billardcafe-pirates.de\/index.php?rest_route=\/wp\/v2\/pages"}],"about":[{"href":"https:\/\/www.billardcafe-pirates.de\/index.php?rest_route=\/wp\/v2\/types\/page"}],"author":[{"embeddable":true,"href":"https:\/\/www.billardcafe-pirates.de\/index.php?rest_route=\/wp\/v2\/users\/1"}],"replies":[{"embeddable":true,"href":"https:\/\/www.billardcafe-pirates.de\/index.php?rest_route=%2Fwp%2Fv2%2Fcomments&post=756"}],"version-history":[{"count":64,"href":"https:\/\/www.billardcafe-pirates.de\/index.php?rest_route=\/wp\/v2\/pages\/756\/revisions"}],"predecessor-version":[{"id":1647,"href":"https:\/\/www.billardcafe-pirates.de\/index.php?rest_route=\/wp\/v2\/pages\/756\/revisions\/1647"}],"wp:attachment":[{"href":"https:\/\/www.billardcafe-pirates.de\/index.php?rest_route=%2Fwp%2Fv2%2Fmedia&parent=756"}],"curies":[{"name":"wp","href":"https:\/\/api.w.org\/{rel}","templated":true}]}}